{"version":"1.0","provider_name":"GAD Parroquial de El Carmelo","provider_url":"https:\/\/elcarmelo.gob.ec\/carchi","title":"Datos Generales - GAD Parroquial de El Carmelo","type":"rich","width":600,"height":338,"html":"<blockquote class=\"wp-embedded-content\" data-secret=\"IYUmuc4Jnq\"><a href=\"https:\/\/elcarmelo.gob.ec\/carchi\/datos-generales\/\">Datos Generales<\/a><\/blockquote><iframe sandbox=\"allow-scripts\" security=\"restricted\" src=\"https:\/\/elcarmelo.gob.ec\/carchi\/datos-generales\/embed\/#?secret=IYUmuc4Jnq\" width=\"600\" height=\"338\" title=\"\u00abDatos Generales\u00bb \u2014 GAD Parroquial de El Carmelo\" data-secret=\"IYUmuc4Jnq\" frameborder=\"0\" marginwidth=\"0\" marginheight=\"0\" scrolling=\"no\" class=\"wp-embedded-content\"><\/iframe><script type=\"text\/javascript\">\n\/* <![CDATA[ *\/\n\/*! This file is auto-generated *\/\n!function(d,l){\"use strict\";l.querySelector&&d.addEventListener&&\"undefined\"!=typeof URL&&(d.wp=d.wp||{},d.wp.receiveEmbedMessage||(d.wp.receiveEmbedMessage=function(e){var t=e.data;if((t||t.secret||t.message||t.value)&&!\/[^a-zA-Z0-9]\/.test(t.secret)){for(var s,r,n,a=l.querySelectorAll('iframe[data-secret=\"'+t.secret+'\"]'),o=l.querySelectorAll('blockquote[data-secret=\"'+t.secret+'\"]'),c=new RegExp(\"^https?:$\",\"i\"),i=0;i<o.length;i++)o[i].style.display=\"none\";for(i=0;i<a.length;i++)s=a[i],e.source===s.contentWindow&&(s.removeAttribute(\"style\"),\"height\"===t.message?(1e3<(r=parseInt(t.value,10))?r=1e3:~~r<200&&(r=200),s.height=r):\"link\"===t.message&&(r=new URL(s.getAttribute(\"src\")),n=new URL(t.value),c.test(n.protocol))&&n.host===r.host&&l.activeElement===s&&(d.top.location.href=t.value))}},d.addEventListener(\"message\",d.wp.receiveEmbedMessage,!1),l.addEventListener(\"DOMContentLoaded\",function(){for(var e,t,s=l.querySelectorAll(\"iframe.wp-embedded-content\"),r=0;r<s.length;r++)(t=(e=s[r]).getAttribute(\"data-secret\"))||(t=Math.random().toString(36).substring(2,12),e.src+=\"#?secret=\"+t,e.setAttribute(\"data-secret\",t)),e.contentWindow.postMessage({message:\"ready\",secret:t},\"*\")},!1)))}(window,document);\n\/* ]]> *\/\n<\/script>\n","description":"FESTIVIDADES 11 de enero fiestas de Parroquializacion Carnavales Fiestas del Divino Ni\u00f1o Julio Fiesta de la Virgen del Carmen DIVISI\u00d3N TERRITORIAL La parroquia el Carmelo se encuentra en una zona rural y pertenece al Cant\u00f3n Tulc\u00e1n provincia del Carchi. Sus l\u00edmites son Al Norte limita con la rep\u00fablica de Colombia desde el cerro Troya hasta [&hellip;]"}

FESTIVIDADES 11 de enero fiestas de Parroquializacion Carnavales Fiestas del Divino Niño Julio Fiesta de la Virgen del Carmen DIVISIÓN TERRITORIAL La parroquia el Carmelo se encuentra en una zona rural y pertenece al Cantón Tulcán provincia del Carchi. Sus límites son Al Norte limita con la república de Colombia desde el cerro Troya hasta [&hellip;]
